CRAN Package Check Results for Package HiddenMarkov

Last updated on 2014-09-18 19:47:32.

Flavor Version Tinstall Tcheck Ttotal Status Flags
r-devel-linux-x86_64-debian-clang 1.8-0 1.61 41.00 42.61 NOTE
r-devel-linux-x86_64-debian-gcc 1.8-0 1.54 40.03 41.57 NOTE
r-devel-linux-x86_64-fedora-clang 1.8-0 86.06 NOTE
r-devel-linux-x86_64-fedora-gcc 1.8-0 75.67 NOTE
r-devel-osx-x86_64-clang 1.8-0 69.87 NOTE
r-devel-windows-ix86+x86_64 1.8-0 8.00 108.00 116.00 NOTE
r-patched-linux-x86_64 1.8-0 1.60 42.87 44.46 OK
r-patched-solaris-sparc 1.8-0 496.40 OK
r-patched-solaris-x86 1.8-0 101.40 OK
r-release-linux-ix86 1.8-0 2.27 56.89 59.16 OK
r-release-linux-x86_64 1.8-0 1.62 43.86 45.48 OK
r-release-osx-x86_64-mavericks 1.8-0 OK
r-release-osx-x86_64-snowleopard 1.8-0 OK
r-release-windows-ix86+x86_64 1.8-0 8.00 99.00 107.00 OK
r-oldrel-windows-ix86+x86_64 1.8-0 8.00 121.00 129.00 OK

Check Details

Version: 1.8-0
Check: R code for possible problems
Result: NOTE
    BaumWelch.mmglmlong1: no visible global function definition for
     ‘clusterExport’
    BaumWelch.mmglmlong1: no visible global function definition for
     ‘clusterApply’
Flavors: r-devel-linux-x86_64-debian-clang, r-devel-linux-x86_64-debian-gcc, r-devel-linux-x86_64-fedora-clang, r-devel-linux-x86_64-fedora-gcc, r-devel-osx-x86_64-clang, r-devel-windows-ix86+x86_64