CRAN Package Check Results for Package HiddenMarkov

Last updated on 2015-07-04 17:47:24.

Flavor Version Tinstall Tcheck Ttotal Status Flags
r-devel-linux-x86_64-debian-clang 1.8-3 1.57 39.33 40.90 NOTE
r-devel-linux-x86_64-debian-gcc 1.8-3 1.66 39.48 41.13 NOTE
r-devel-linux-x86_64-fedora-clang 1.8-3 77.28 NOTE
r-devel-linux-x86_64-fedora-gcc 1.8-3 74.11 NOTE
r-devel-osx-x86_64-clang 1.8-3 68.66 OK
r-devel-windows-ix86+x86_64 1.8-3 15.00 99.00 114.00 OK
r-patched-linux-x86_64 1.8-3 1.64 38.03 39.67 OK
r-patched-solaris-sparc 1.8-3 484.80 OK
r-patched-solaris-x86 1.8-3 93.60 OK
r-release-linux-x86_64 1.8-3 1.59 38.47 40.06 OK
r-release-osx-x86_64-mavericks 1.8-3 OK
r-release-windows-ix86+x86_64 1.8-3 9.00 104.00 113.00 OK
r-oldrel-windows-ix86+x86_64 1.8-3 9.00 107.00 116.00 OK

Check Details

Version: 1.8-3
Check: R code for possible problems
Result: NOTE
    Mstep.glm: no visible global function definition for ‘glm’
    Mstep.glm: no visible global function definition for ‘fitted’
    Mstep.glm: no visible global function definition for ‘coefficients’
    Mstep.mmglm1: no visible global function definition for ‘glm.fit’
    Mstep.mmglm1: no visible global function definition for ‘glm.control’
    Mstep.mmglm1: no visible global function definition for ‘fitted’
    Mstep.mmglm1: no visible global function definition for ‘coefficients’
    dglm: no visible global function definition for ‘pnorm’
    dglm: no visible global function definition for ‘dnorm’
    dglm: no visible global function definition for ‘dpois’
    dglm: no visible global function definition for ‘dgamma’
    dglm: no visible global function definition for ‘dbinom’
    dmmglm: no visible global function definition for ‘dnorm’
    dmmglm: no visible global function definition for ‘dpois’
    dmmglm: no visible global function definition for ‘dgamma’
    dmmglm: no visible global function definition for ‘dbinom’
    mmglm0: no visible global function definition for ‘formula’
    pglm: no visible global function definition for ‘pnorm’
    pglm: no visible global function definition for ‘ppois’
    pglm: no visible global function definition for ‘pgamma’
    pglm: no visible global function definition for ‘pbinom’
    pmmglm: no visible global function definition for ‘pnorm’
    pmmglm: no visible global function definition for ‘ppois’
    pmmglm: no visible global function definition for ‘pgamma’
    pmmglm: no visible global function definition for ‘pbinom’
    residuals.dthmm: no visible global function definition for ‘qnorm’
    residuals.mmglm1: no visible global function definition for ‘qnorm’
    residuals.mmglmlong1: no visible global function definition for
     ‘residuals’
    sim.mmpp: no visible global function definition for ‘rexp’
    simulate.mmglm0: no visible global function definition for ‘runif’
    simulate.mmglm0: no visible global function definition for ‘rpois’
    simulate.mmglm0: no visible global function definition for ‘pnorm’
    simulate.mmglm0: no visible global function definition for ‘rnorm’
    simulate.mmglm0: no visible global function definition for ‘rgamma’
    simulate.mmglm0: no visible global function definition for ‘rbinom’
    simulate.mmglm1: no visible global function definition for ‘rnorm’
    simulate.mmglm1: no visible global function definition for ‘rpois’
    simulate.mmglm1: no visible global function definition for ‘rgamma’
    simulate.mmglm1: no visible global function definition for ‘rbinom’
    simulate.mmpp: no visible global function definition for ‘rexp’
    Undefined global functions or variables:
     coefficients dbinom dgamma dnorm dpois fitted formula glm glm.control
     glm.fit pbinom pgamma pnorm ppois qnorm rbinom residuals rexp rgamma
     rnorm rpois runif
Flavors: r-devel-linux-x86_64-debian-clang, r-devel-linux-x86_64-debian-gcc, r-devel-linux-x86_64-fedora-clang, r-devel-linux-x86_64-fedora-gcc