CRAN Package Check Results for Package adehabitat

Last updated on 2014-04-17 10:47:44.

Flavor Version Tinstall Tcheck Ttotal Status Flags
r-devel-linux-x86_64-debian-clang 1.8.12 6.84 89.23 96.07 NOTE
r-devel-linux-x86_64-debian-gcc 1.8.12 8.24 89.33 97.57 NOTE
r-devel-linux-x86_64-fedora-clang 1.8.12 193.05 NOTE
r-devel-linux-x86_64-fedora-gcc 1.8.12 182.27 NOTE
r-devel-macosx-x86_64-clang 1.8.12 157.11 NOTE
r-devel-macosx-x86_64-gcc 1.8.12 NOTE
r-devel-windows-ix86+x86_64 1.8.12 22.00 87.00 109.00 ERROR
r-patched-linux-x86_64 1.8.12 8.11 77.76 85.87 NOTE
r-patched-solaris-sparc 1.8.12 1068.90 NOTE
r-patched-solaris-x86 1.8.12 258.70 NOTE
r-release-linux-ix86 1.8.12 15.00 145.00 160.00 NOTE
r-release-linux-x86_64 1.8.12 7.98 79.22 87.20 NOTE
r-release-windows-ix86+x86_64 1.8.12 21.00 155.00 176.00 NOTE
r-oldrel-windows-ix86+x86_64 1.8.12 23.00 167.00 190.00 NOTE

Check Details

Version: 1.8.12
Check: dependencies in R code
Result: NOTE
    'library' or 'require' calls to packages already attached by Depends:
     ‘shapefiles’ ‘tkrplot’
     Please remove these calls from your code.
    See the information on DESCRIPTION files in the chapter ‘Creating R
    packages’ of the ‘Writing R Extensions’ manual.
Flavors: r-devel-linux-x86_64-debian-clang, r-devel-linux-x86_64-debian-gcc, r-devel-linux-x86_64-fedora-clang, r-devel-linux-x86_64-fedora-gcc, r-devel-macosx-x86_64-clang, r-devel-macosx-x86_64-gcc, r-devel-windows-ix86+x86_64, r-patched-linux-x86_64, r-patched-solaris-sparc, r-patched-solaris-x86, r-release-linux-ix86, r-release-linux-x86_64, r-release-windows-ix86+x86_64, r-oldrel-windows-ix86+x86_64

Version: 1.8.12
Check: top-level files
Result: NOTE
    Non-standard file/directory found at top level:
     ‘CONTENTS’
Flavors: r-devel-linux-x86_64-fedora-clang, r-devel-linux-x86_64-fedora-gcc

Version: 1.8.12
Check: Rd line widths
Result: NOTE
    Rd file 'kerneloverlap.Rd':
     \usage lines wider than 90 characters:
     kerneloverlap(xy, id = NULL, method = c("HR", "PHR", "VI", "BA", "UDOI", "HD"), lev = 95, conditional = FALSE, ...)
    
    These lines will be truncated in the PDF manual.
Flavors: r-devel-linux-x86_64-fedora-clang, r-devel-linux-x86_64-fedora-gcc

Version: 1.8.12
Check: package dependencies
Result: NOTE
    Package suggested but not available for checking: ‘spatstat’
Flavor: r-devel-macosx-x86_64-gcc

Version: 1.8.12
Check: R code for possible problems
Result: NOTE
    asc2im: no visible global function definition for ‘im’
Flavor: r-devel-macosx-x86_64-gcc

Version: 1.8.12
Check: Rd cross-references
Result: NOTE
    Package unavailable to check Rd xrefs: ‘spatstat’
Flavor: r-devel-macosx-x86_64-gcc

Version: 1.8.12
Check: package dependencies
Result: NOTE
    Package suggested but not available for checking: 'gpclib'
Flavor: r-devel-windows-ix86+x86_64

Version: 1.8.12
Check: R code for possible problems
Result: NOTE
    NNCH: no visible binding for global variable 'area.poly'
    NNCH.asciigrid: no visible global function definition for 'get.bbox'
    NNCH.asciigrid: no visible global function definition for 'get.pts'
    NNCH.shapefile: no visible global function definition for 'get.pts'
    ararea : foo: no visible global function definition for 'area.poly'
    clusthr.area : <anonymous> : <anonymous> : <anonymous>: no visible
     global function definition for 'area.poly'
    mcp.area : <anonymous>: no visible global function definition for
     'area.poly'
    noholes.poly: no visible global function definition for 'get.pts'
    noholes.poly: no visible global function definition for 'area.poly'
    noholes.poly: no visible global function definition for 'append.poly'
Flavor: r-devel-windows-ix86+x86_64

Version: 1.8.12
Check: running examples for arch 'i386'
Result: ERROR
    Running examples in 'adehabitat-Ex.R' failed
    The error most likely occurred in:
    
    > ### Name: clusthr
    > ### Title: Estimation of Home Range by Clustering
    > ### Aliases: clusthr print.clusthr plot.clusthr clusthr.area
    > ### getverticesclusthr
    > ### Keywords: spatial hplot
    >
    > ### ** Examples
    >
    >
    > data(puechabon)
    > lo<-puechabon$locs[,c("X","Y")]
    >
    > ## Home Range Estimation
    > res <- clusthr(lo, puechabon$locs$Name)
    >
    > ## Displays the home range
    > plot(res)
    >
    > ## Computes the home range size
    > clusthr.area(res)
    Loading required package: gpclib
    Warning in library(package, lib.loc = lib.loc, character.only = TRUE, logical.return = TRUE, :
     there is no package called 'gpclib'
    Error in clusthr.area(res) : package gpclib required
    Execution halted
Flavor: r-devel-windows-ix86+x86_64

Version: 1.8.12
Check: running examples for arch 'x64'
Result: ERROR
    Running examples in 'adehabitat-Ex.R' failed
    The error most likely occurred in:
    
    > ### Name: clusthr
    > ### Title: Estimation of Home Range by Clustering
    > ### Aliases: clusthr print.clusthr plot.clusthr clusthr.area
    > ### getverticesclusthr
    > ### Keywords: spatial hplot
    >
    > ### ** Examples
    >
    >
    > data(puechabon)
    > lo<-puechabon$locs[,c("X","Y")]
    >
    > ## Home Range Estimation
    > res <- clusthr(lo, puechabon$locs$Name)
    >
    > ## Displays the home range
    > plot(res)
    >
    > ## Computes the home range size
    > clusthr.area(res)
    Loading required package: gpclib
    Warning in library(package, lib.loc = lib.loc, character.only = TRUE, logical.return = TRUE, :
     there is no package called 'gpclib'
    Error in clusthr.area(res) : package gpclib required
    Execution halted
Flavor: r-devel-windows-ix86+x86_64