CRAN Package Check Results for Package adehabitat

Last updated on 2014-08-23 11:50:39.

Flavor Version Tinstall Tcheck Ttotal Status Flags
r-devel-linux-x86_64-debian-clang 1.8.14 7.20 79.33 86.52 NOTE
r-devel-linux-x86_64-debian-gcc 1.8.14 9.70 79.23 88.93 NOTE
r-devel-linux-x86_64-fedora-clang 1.8.14 182.18 NOTE
r-devel-linux-x86_64-fedora-gcc 1.8.14 171.22 NOTE
r-devel-osx-x86_64-clang 1.8.14 149.59 NOTE
r-devel-windows-ix86+x86_64 1.8.14 24.00 144.00 168.00 OK
r-patched-linux-x86_64 1.8.14 9.82 82.35 92.17 OK
r-patched-solaris-sparc 1.8.14 1088.50 OK
r-patched-solaris-x86 1.8.14 271.70 OK
r-release-linux-ix86 1.8.14 10.20 107.64 117.84 OK
r-release-linux-x86_64 1.8.14 10.60 83.90 94.49 OK
r-release-osx-x86_64-mavericks 1.8.14 OK
r-release-osx-x86_64-snowleopard 1.8.14 OK
r-release-windows-ix86+x86_64 1.8.14 24.00 143.00 167.00 OK
r-oldrel-windows-ix86+x86_64 1.8.14 25.00 154.00 179.00 OK

Check Details

Version: 1.8.14
Check: R code for possible problems
Result: NOTE
    asc2im: no visible global function definition for ‘im’
    biv.plot: no visible global function definition for ‘bandwidth.nrd’
    biv.plot: no visible global function definition for ‘kde2d’
    biv.test: no visible global function definition for ‘bandwidth.nrd’
    biv.test: no visible global function definition for ‘kde2d’
    explore.kasc: no visible global function definition for ‘tktoplevel’
    explore.kasc: no visible global function definition for ‘tkwm.title’
    explore.kasc: no visible global function definition for ‘tktext’
    explore.kasc: no visible global function definition for ‘tkscrollbar’
    explore.kasc : <anonymous>: no visible global function definition for
     ‘tkyview’
    explore.kasc: no visible global function definition for ‘tkconfigure’
    explore.kasc : <anonymous>: no visible global function definition for
     ‘tkset’
    explore.kasc: no visible global function definition for ‘tkpack’
    explore.kasc: no visible global function definition for ‘tcl’
    explore.kasc: no visible global function definition for ‘tkcget’
    explore.kasc : type: no visible global function definition for
     ‘tkinsert’
    explore.kasc : type: no visible global function definition for ‘tksee’
    explore.kasc : kb: no visible global function definition for
     ‘tkdestroy’
    explore.kasc: no visible global function definition for ‘tkbind’
    explore.kasc: no visible global function definition for ‘tkwait.window’
    simm.crw: no visible global function definition for ‘rwrpnorm’
    trajdyn: no visible global function definition for ‘tktoplevel’
    trajdyn: no visible global function definition for ‘tkwm.title’
    trajdyn: no visible global function definition for ‘tktext’
    trajdyn: no visible global function definition for ‘tkscrollbar’
    trajdyn : <anonymous>: no visible global function definition for
     ‘tkyview’
    trajdyn: no visible global function definition for ‘tkconfigure’
    trajdyn : <anonymous>: no visible global function definition for
     ‘tkset’
    trajdyn: no visible global function definition for ‘tkpack’
    trajdyn: no visible global function definition for ‘tcl’
    trajdyn: no visible global function definition for ‘tkcget’
    trajdyn : type: no visible global function definition for ‘tkinsert’
    trajdyn : type: no visible global function definition for ‘tksee’
    trajdyn : kb: no visible global function definition for ‘tkdestroy’
    trajdyn : kb: no visible global function definition for ‘tclVar’
    trajdyn : kb: no visible global function definition for ‘tktoplevel’
    trajdyn : kb: no visible global function definition for ‘tkwm.title’
    trajdyn : kb: no visible global function definition for
     ‘tkwm.resizable’
    trajdyn : kb: no visible global function definition for ‘tkentry’
    trajdyn : kb: no visible global function definition for ‘tkbutton’
    trajdyn : kb : <anonymous>: no visible global function definition for
     ‘tclvalue’
    trajdyn : kb : <anonymous>: no visible global function definition for
     ‘tkmessageBox’
    trajdyn : kb : <anonymous>: no visible global function definition for
     ‘tkdestroy’
    trajdyn : kb: no visible global function definition for ‘tkpack’
    trajdyn : kb: no visible global function definition for ‘tkwait.window’
    trajdyn : kb: no visible global function definition for ‘tkframe’
    trajdyn : kb: no visible global function definition for ‘tklistbox’
    trajdyn : kb: no visible global function definition for ‘tkscrollbar’
    trajdyn : kb : <anonymous>: no visible global function definition for
     ‘tkyview’
    trajdyn : kb: no visible global function definition for ‘tkconfigure’
    trajdyn : kb : <anonymous>: no visible global function definition for
     ‘tkset’
    trajdyn : kb : <anonymous>: no visible global function definition for
     ‘tkcurselection’
    trajdyn: no visible global function definition for ‘tkbind’
    trajdyn: no visible global function definition for ‘tkwait.window’
Flavors: r-devel-linux-x86_64-debian-clang, r-devel-linux-x86_64-debian-gcc, r-devel-linux-x86_64-fedora-clang, r-devel-linux-x86_64-fedora-gcc, r-devel-osx-x86_64-clang