CRAN Package Check Results for Package adehabitat

Last updated on 2015-08-31 10:52:58.

Flavor Version Tinstall Tcheck Ttotal Status Flags
r-devel-linux-x86_64-debian-clang 1.8.18 7.68 82.67 90.35 OK
r-devel-linux-x86_64-debian-gcc 1.8.18 9.23 82.31 91.54 OK
r-devel-linux-x86_64-fedora-clang 1.8.18 174.55 OK
r-devel-linux-x86_64-fedora-gcc 1.8.18 161.46 OK
r-devel-osx-x86_64-clang 1.8.18 139.47 OK
r-devel-windows-ix86+x86_64 1.8.18 37.00 224.00 261.00 OK
r-patched-linux-x86_64 1.8.18 9.42 83.11 92.53 OK
r-patched-solaris-sparc 1.8.18 954.30 OK
r-patched-solaris-x86 1.8.18 242.10 OK
r-release-linux-x86_64 1.8.18 10.15 84.45 94.60 OK
r-release-osx-x86_64-mavericks 1.8.18 ERROR
r-release-windows-ix86+x86_64 1.8.18 37.00 175.00 212.00 OK
r-oldrel-windows-ix86+x86_64 1.8.18 38.00 181.00 219.00 OK

Check Details

Version: 1.8.18
Check: whether package can be installed
Result: ERROR
    Installation failed.
Flavor: r-release-osx-x86_64-mavericks