CRAN Package Check Results for Package adehabitat

Last updated on 2015-07-06 03:47:33.

Flavor Version Tinstall Tcheck Ttotal Status Flags
r-devel-linux-x86_64-debian-clang 1.8.17 8.71 83.10 91.81 NOTE
r-devel-linux-x86_64-debian-gcc 1.8.17 9.60 82.90 92.50 NOTE
r-devel-linux-x86_64-fedora-clang 1.8.17 175.71 NOTE
r-devel-linux-x86_64-fedora-gcc 1.8.17 171.40 NOTE
r-devel-osx-x86_64-clang 1.8.17 149.99 OK
r-devel-windows-ix86+x86_64 1.8.17 36.00 153.00 189.00 NOTE
r-patched-linux-x86_64 1.8.17 9.28 81.70 90.97 OK
r-patched-solaris-sparc 1.8.17 1052.10 OK
r-patched-solaris-x86 1.8.17 240.60 OK
r-release-linux-x86_64 1.8.17 12.10 81.56 93.66 OK
r-release-osx-x86_64-mavericks 1.8.17 OK
r-release-windows-ix86+x86_64 1.8.17 32.00 150.00 182.00 OK
r-oldrel-windows-ix86+x86_64 1.8.17 38.00 161.00 199.00 OK

Check Details

Version: 1.8.17
Check: R code for possible problems
Result: NOTE
    area2asc : slightlymove: no visible global function definition for
     ‘runif’
    autourna: no visible global function definition for ‘na.omit’
    bestpartmod: no visible binding for global variable ‘median’
    biv.plot: no visible global function definition for ‘grey’
    biv.test: no visible global function definition for ‘grey’
    clusthr.area: no visible global function definition for ‘n2mfrow’
    compana: no visible global function definition for ‘pchisq’
    compana: no visible global function definition for ‘var’
    compana: no visible global function definition for ‘pt’
    dunnfa: no visible global function definition for ‘cor’
    explore.kasc : replot: no visible global function definition for
     ‘n2mfrow’
    getverticeshr: no visible global function definition for ‘contourLines’
    getverticeshrk: no visible global function definition for
     ‘contourLines’
    getverticeshrs: no visible global function definition for
     ‘contourLines’
    gnesfa: no visible global function definition for ‘cor’
    hist.enfa: no visible global function definition for ‘gray’
    hist.enfa: no visible global function definition for ‘n2mfrow’
    hist.enfa : f1: no visible global function definition for ‘density’
    hist.kasc: no visible global function definition for ‘n2mfrow’
    hist.kasc : f1: no visible global function definition for ‘density’
    hist.kselect: no visible global function definition for ‘n2mfrow’
    hist.ltraj: no visible global function definition for ‘n2mfrow’
    hist.madifa: no visible global function definition for ‘gray’
    hist.madifa: no visible global function definition for ‘n2mfrow’
    hist.madifa : f1: no visible global function definition for ‘density’
    histniche: no visible global function definition for ‘gray’
    histniche: no visible global function definition for ‘n2mfrow’
    histniche : f1: no visible global function definition for ‘density’
    histniche : f2: no visible global function definition for ‘density’
    image.asc: no visible global function definition for ‘gray’
    image.asc: no visible global function definition for ‘rainbow’
    image.kasc: no visible global function definition for ‘gray’
    image.kasc: no visible global function definition for ‘n2mfrow’
    image.khr: no visible global function definition for ‘gray’
    image.khr: no visible global function definition for ‘n2mfrow’
    image.sahrlocs: no visible global function definition for ‘n2mfrow’
    image.sahrlocs: no visible global function definition for ‘gray’
    image.sahrlocs: no visible global function definition for ‘rainbow’
    import.asc: no visible global function definition for ‘read.table’
    indmove : <anonymous>: no visible global function definition for
     ‘approx’
    indmove : foo : <anonymous> : <anonymous>: no visible global function
     definition for ‘quantile’
    indmove : foo : <anonymous>: no visible global function definition for
     ‘gray’
    indmove: no visible global function definition for ‘n2mfrow’
    kernelUD: no visible global function definition for ‘var’
    kplot.kselect: no visible global function definition for ‘n2mfrow’
    kselect : <anonymous>: no visible global function definition for
     ‘weighted.mean’
    liker: no visible global function definition for ‘n2mfrow’
    madifa: no visible global function definition for ‘cor’
    mahasuhab: no visible global function definition for ‘mahalanobis’
    mahasuhab: no visible global function definition for ‘pchisq’
    mcp: no visible global function definition for ‘quantile’
    mcp: no visible global function definition for ‘chull’
    mcp.rast : slightlymove: no visible global function definition for
     ‘runif’
    meanfpt: no visible global function definition for ‘n2mfrow’
    pchi : <anonymous>: no visible global function definition for
     ‘integrate’
    plot.clusthr: no visible global function definition for ‘n2mfrow’
    plot.clusthr : <anonymous> : <anonymous>: no visible global function
     definition for ‘chull’
    plot.clusthr : <anonymous>: no visible global function definition for
     ‘grey’
    plot.fipati: no visible global function definition for ‘n2mfrow’
    plot.hrsize: no visible global function definition for ‘n2mfrow’
    plot.kver: no visible global function definition for ‘rainbow’
    plot.ltraj: no visible global function definition for ‘gray’
    plot.ltraj: no visible global function definition for ‘n2mfrow’
    plot.madifa : foo: no visible global function definition for ‘gray’
    plot.partltraj: no visible global function definition for ‘grey’
    plot.traj: no visible global function definition for ‘gray’
    plot.traj: no visible global function definition for ‘n2mfrow’
    plot.wi: no visible global function definition for ‘qnorm’
    plotLSCV: no visible global function definition for ‘n2mfrow’
    plotNAltraj: no visible global function definition for ‘n2mfrow’
    plotltr: no visible global function definition for ‘n2mfrow’
    predict.enfa: no visible global function definition for ‘mahalanobis’
    print.wiI: no visible global function definition for ‘qnorm’
    qchi: no visible global function definition for ‘qchisq’
    qqchi.default: no visible global function definition for ‘ppoints’
    qqchi.ltraj: no visible global function definition for ‘n2mfrow’
    qqnorm.ltraj: no visible global function definition for ‘n2mfrow’
    qqnorm.ltraj : <anonymous>: no visible global function definition for
     ‘qqnorm’
    rchi: no visible global function definition for ‘rchisq’
    redisltraj : foo: no visible global function definition for ‘na.omit’
    redisltraj : foo: no visible global function definition for ‘runif’
    rotxy: no visible global function definition for ‘runif’
    runsNAltraj: no visible global function definition for ‘n2mfrow’
    scatter.enfa: no visible global function definition for ‘gray’
    scatter.madifa: no visible global function definition for ‘gray’
    scatterniche: no visible global function definition for ‘gray’
    schoener : foo: no visible global function definition for ‘dist’
    schoener.rtest : foo : foobis: no visible global function definition
     for ‘dist’
    schoener.rtest: no visible global function definition for ‘n2mfrow’
    simm.bb: no visible global function definition for ‘rnorm’
    simm.brown: no visible global function definition for ‘rnorm’
    simm.crw: no visible global function definition for ‘runif’
    simm.levy: no visible global function definition for ‘runif’
    simm.mba: no visible global function definition for ‘rnorm’
    simm.mou: no visible global function definition for ‘rnorm’
    sliwinltr : <anonymous>: no visible global function definition for
     ‘embed’
    sliwinltr: no visible global function definition for ‘n2mfrow’
    spixdf2kasc: no visible global function definition for ‘as’
    spixdf2kasc: no visible global function definition for ‘slot’
    trajdyn : kb: no visible global function definition for ‘select.list’
    trajdyn: no visible global function definition for ‘getGraphicsEvent’
    varlogfpt: no visible global function definition for ‘n2mfrow’
    varlogfpt : <anonymous> : <anonymous>: no visible global function
     definition for ‘var’
    wawotest.default: no visible global function definition for ‘na.omit’
    wawotest.default: no visible global function definition for ‘pnorm’
    widesI: no visible global function definition for ‘pchisq’
    widesI: no visible global function definition for ‘qnorm’
    widesII: no visible global function definition for ‘pchisq’
    widesII: no visible global function definition for ‘qnorm’
    widesIII: no visible global function definition for ‘pchisq’
    widesIII: no visible global function definition for ‘qnorm’
    widesIII: no visible global function definition for ‘var’
    Undefined global functions or variables:
     approx as chull contourLines cor density dist embed getGraphicsEvent
     gray grey integrate mahalanobis median n2mfrow na.omit pchisq pnorm
     ppoints pt qchisq qnorm qqnorm quantile rainbow rchisq read.table
     rnorm runif select.list slot var weighted.mean
Flavors: r-devel-linux-x86_64-debian-clang, r-devel-linux-x86_64-debian-gcc, r-devel-linux-x86_64-fedora-clang, r-devel-linux-x86_64-fedora-gcc, r-devel-windows-ix86+x86_64