CRAN Package Check Results for Package adehabitat

Last updated on 2016-02-12 07:46:32.

Flavor Version Tinstall Tcheck Ttotal Status Flags
r-devel-linux-x86_64-debian-gcc 1.8.18 9.99 91.35 101.35 OK
r-devel-linux-x86_64-fedora-clang 1.8.18 171.18 OK
r-devel-linux-x86_64-fedora-gcc 1.8.18 163.70 OK
r-devel-osx-x86_64-clang 1.8.18 174.44 OK
r-devel-windows-ix86+x86_64 1.8.18 34.00 135.00 169.00 OK
r-patched-linux-x86_64 1.8.18 10.11 94.94 105.05 OK
r-patched-solaris-sparc 1.8.18 1034.60 OK
r-patched-solaris-x86 1.8.18 226.10 OK
r-release-linux-x86_64 1.8.18 10.01 93.40 103.41 OK
r-release-osx-x86_64-mavericks 1.8.18 ERROR
r-release-windows-ix86+x86_64 1.8.18 32.00 213.00 245.00 OK
r-oldrel-windows-ix86+x86_64 1.8.18 35.00 244.00 279.00 OK

Check Details

Version: 1.8.18
Check: whether package can be installed
Result: ERROR
    Installation failed.
Flavor: r-release-osx-x86_64-mavericks