CRAN Package Check Results for Package adehabitat

Last updated on 2015-03-28 09:48:09.

Flavor Version Tinstall Tcheck Ttotal Status Flags
r-devel-linux-x86_64-debian-clang 1.8.15 7.78 83.33 91.11 NOTE
r-devel-linux-x86_64-debian-gcc 1.8.17 9.85 83.62 93.46 OK
r-devel-linux-x86_64-fedora-clang 1.8.17 96.65 OK
r-devel-linux-x86_64-fedora-gcc 1.8.17 148.57 OK
r-devel-osx-x86_64-clang 1.8.17 131.11 OK
r-prerel-windows-ix86+x86_64 1.8.15 33.00 142.00 175.00 NOTE
r-prerel-linux-x86_64 1.8.15 9.68 81.94 91.61 NOTE
r-prerel-solaris-sparc 1.8.17 952.40 OK
r-prerel-solaris-x86 1.8.17 197.30 OK
r-release-linux-x86_64 1.8.15 10.04 89.14 99.19 NOTE
r-release-osx-x86_64-mavericks 1.8.15 OK
r-release-osx-x86_64-snowleopard 1.8.15 OK
r-release-windows-ix86+x86_64 1.8.17 24.00 168.00 192.00 OK
r-oldrel-windows-ix86+x86_64 1.8.15 26.00 234.00 260.00 OK

Check Details

Version: 1.8.15
Check: DESCRIPTION meta-information
Result: NOTE
    Malformed Description field: should contain one or more complete sentences.
Flavors: r-devel-linux-x86_64-debian-clang, r-prerel-windows-ix86+x86_64, r-prerel-linux-x86_64

Version: 1.8.15
Check: dependencies in R code
Result: NOTE
    'library' or 'require' calls in package code:
     ‘CircStats’ ‘MASS’ ‘spatstat’
     Please use :: or requireNamespace() instead.
     See section 'Suggested packages' in the 'Writing R Extensions' manual.
Flavors: r-devel-linux-x86_64-debian-clang, r-prerel-windows-ix86+x86_64, r-prerel-linux-x86_64, r-release-linux-x86_64

Version: 1.8.15
Check: S3 generic/method consistency
Result: NOTE
    Found the following apparent S3 methods exported but not registered:
     c.ltraj contour.asc hist.enfa hist.kasc hist.kselect hist.ltraj
     hist.madifa persp.asc predict.enfa predict.madifa qqnorm.ltraj
     randtest.enfa scatter.enfa scatter.esr scatter.madifa
    See section ‘Registering S3 methods’ in the ‘Writing R Extensions’
    manual.
Flavors: r-devel-linux-x86_64-debian-clang, r-prerel-linux-x86_64