CRAN Package Check Results for Package lfe

Last updated on 2015-09-02 19:47:38.

Flavor Version Tinstall Tcheck Ttotal Status Flags
r-devel-linux-x86_64-debian-clang 2.3-1709 7.97 111.09 119.06 NOTE
r-devel-linux-x86_64-debian-gcc 2.3-1709 7.32 109.26 116.57 NOTE
r-devel-linux-x86_64-fedora-clang 2.3-1709 229.85 NOTE
r-devel-linux-x86_64-fedora-gcc 2.3-1709 220.45 NOTE
r-devel-osx-x86_64-clang 2.3-1709 242.49 OK
r-devel-windows-ix86+x86_64 2.3-1709 43.00 248.00 291.00 NOTE
r-patched-linux-x86_64 2.3-1709 7.90 111.42 119.32 OK
r-patched-solaris-sparc 2.3-1709 1096.40 OK --no-vignettes
r-patched-solaris-x86 2.3-1709 234.20 OK --no-build-vignettes
r-release-linux-x86_64 2.3-1709 7.84 112.08 119.92 OK
r-release-osx-x86_64-mavericks 2.3-1709 OK
r-release-windows-ix86+x86_64 2.3-1709 32.00 240.00 272.00 OK
r-oldrel-windows-ix86+x86_64 2.3-1709 42.00 355.00 397.00 OK

Check Details

Version: 2.3-1709
Check: R code for possible problems
Result: NOTE
    ..oldfelm: no visible global function definition for ‘as.formula’
    Rtoform : <local>: no visible global function definition for
     ‘as.formula’
    bccorr: no visible global function definition for ‘var’
    bccorr: no visible global function definition for ‘cov’
    btrap: no visible global function definition for ‘relist’
    btrap: no visible global function definition for ‘rnorm’
    btrap : <anonymous>: no visible global function definition for ‘rnorm’
    cgsolve: no visible global function definition for ‘runif’
    demeanlist: no visible global function definition for ‘as.relistable’
    demeanlist: no visible global function definition for ‘relist’
    demeanlist: no visible global function definition for ‘runif’
    doprojols: no visible global function definition for ‘coef’
    doprojols: no visible global function definition for ‘pt’
    felm: no visible global function definition for ‘terms’
    felm.old: no visible global function definition for ‘terms’
    felm.old: no visible global function definition for ‘model.response’
    felm.old: no visible global function definition for ‘model.matrix’
    felm.old: no visible global function definition for ‘pt’
    fevcov: no visible global function definition for ‘cov’
    ftest: no visible global function definition for ‘coef’
    ftest: no visible global function definition for ‘pf’
    is.estimable : <anonymous> : <anonymous>: no visible global function
     definition for ‘runif’
    is.estimable : <anonymous>: no visible global function definition for
     ‘runif’
    is.estimable: no visible global function definition for ‘runif’
    ivbootstrap : <anonymous>: no visible global function definition for
     ‘quantile’
    makeDmatrix : <anonymous>: no visible global function definition for
     ‘as’
    makeddlist: no visible global function definition for ‘as’
    makematrix: no visible global function definition for ‘formula’
    makematrix: no visible global function definition for ‘na.action’
    makematrix: no visible global function definition for ‘terms’
    makematrix: no visible global function definition for ‘model.matrix’
    makematrix: no visible binding for global variable ‘var’
    newols: no visible binding for global variable ‘var’
    newols: no visible global function definition for ‘pt’
    oldcondfstat: no visible global function definition for ‘formula’
    oldcondfstat: no visible global function definition for ‘as.formula’
    oldparseformula: no visible global function definition for ‘terms’
    parseformula: no visible global function definition for ‘formula’
    parseformula: no visible global function definition for ‘terms’
    parseformula : <anonymous>: no visible global function definition for
     ‘formula’
    print.felm: no visible global function definition for ‘coef’
    print.summary.felm: no visible global function definition for
     ‘quantile’
    print.summary.felm: no visible global function definition for
     ‘printCoefmat’
    print.summary.felm: no visible global function definition for ‘naprint’
    project: no visible global function definition for ‘model.matrix’
    project: no visible global function definition for ‘terms’
    rankDefic: no visible global function definition for ‘as’
    summary.felm: no visible global function definition for ‘quantile’
    summary.felm: no visible global function definition for ‘pf’
    swildcard: no visible global function definition for ‘glob2rx’
    update.felm: no visible global function definition for ‘getCall’
    update.felm: no visible global function definition for ‘formula’
    waldtest: no visible global function definition for ‘vcov’
    waldtest: no visible global function definition for ‘coef’
    waldtest: no visible global function definition for ‘pchisq’
    waldtest: no visible global function definition for ‘pf’
    xtable.felm: no visible global function definition for ‘getS3method’
    xtable.summary.felm: no visible global function definition for
     ‘getS3method’
    Undefined global functions or variables:
     as as.formula as.relistable coef cov formula getCall getS3method
     glob2rx model.matrix model.response na.action naprint pchisq pf
     printCoefmat pt quantile relist rnorm runif terms var vcov
    Consider adding
     importFrom("methods", "as")
     importFrom("stats", "as.formula", "coef", "cov", "formula", "getCall",
     "model.matrix", "model.response", "na.action", "naprint",
     "pchisq", "pf", "printCoefmat", "pt", "quantile", "rnorm",
     "runif", "terms", "var", "vcov")
     importFrom("utils", "as.relistable", "getS3method", "glob2rx",
     "relist")
    to your NAMESPACE (and ensure that your DESCRIPTION Imports field
    contains 'methods').
Flavors: r-devel-linux-x86_64-debian-clang, r-devel-linux-x86_64-debian-gcc, r-devel-linux-x86_64-fedora-clang, r-devel-linux-x86_64-fedora-gcc, r-devel-windows-ix86+x86_64