CRAN Package Check Results for Package lfe

Last updated on 2015-01-26 17:47:44.

Flavor Version Tinstall Tcheck Ttotal Status Flags
r-devel-linux-x86_64-debian-clang 1.8-1441 6.76 169.37 176.12 NOTE
r-devel-linux-x86_64-debian-gcc 1.8-1441 8.87 158.84 167.71 NOTE
r-devel-linux-x86_64-fedora-clang 1.8-1441 367.43 NOTE
r-devel-linux-x86_64-fedora-gcc 1.8-1441 344.52 NOTE
r-devel-osx-x86_64-clang 1.8-1441 319.77 NOTE
r-devel-windows-ix86+x86_64 1.8-1441 23.00 295.00 318.00 NOTE
r-patched-linux-x86_64 1.8-1441 7.37 165.25 172.62 OK
r-patched-solaris-sparc 1.8-1441 1074.50 OK --no-vignettes
r-patched-solaris-x86 1.8-1441 479.60 OK --no-build-vignettes
r-release-linux-ix86 1.8-1441 8.97 179.50 188.47 OK
r-release-linux-x86_64 1.8-1441 7.55 167.66 175.21 OK
r-release-osx-x86_64-mavericks 1.8-1441 OK
r-release-osx-x86_64-snowleopard 1.8-1441 OK
r-release-windows-ix86+x86_64 1.8-1441 18.00 298.00 316.00 OK
r-oldrel-windows-ix86+x86_64 1.8-1441 24.00 392.00 416.00 OK

Memtest notes: valgrind valgrind

Check Details

Version: 1.8-1441
Check: dependencies in R code
Result: NOTE
    'library' or 'require' call to ‘igraph’ in package code.
     Please use :: or requireNamespace() instead.
     See section 'Suggested packages' in the 'Writing R Extensions' manual.
Flavors: r-devel-linux-x86_64-debian-clang, r-devel-linux-x86_64-debian-gcc, r-devel-linux-x86_64-fedora-clang, r-devel-linux-x86_64-fedora-gcc, r-devel-osx-x86_64-clang, r-devel-windows-ix86+x86_64