CRAN Package Check Results for Package lfe

Last updated on 2015-04-28 06:46:37.

Flavor Version Tinstall Tcheck Ttotal Status Flags
r-devel-linux-x86_64-debian-clang 2.2-1699 7.79 112.35 120.14 OK
r-devel-linux-x86_64-debian-gcc 2.2-1699 8.12 109.78 117.90 OK
r-devel-linux-x86_64-fedora-clang 2.2-1699 238.50 OK
r-devel-linux-x86_64-fedora-gcc 2.2-1699 228.22 OK
r-devel-osx-x86_64-clang 2.2-1699 253.61 OK
r-devel-windows-ix86+x86_64 2.2-1699 28.00 216.00 244.00 OK
r-patched-linux-x86_64 2.2-1699 7.55 110.64 118.19 OK
r-patched-solaris-sparc 2.2-1699 1011.30 OK --no-vignettes
r-patched-solaris-x86 2.2-1699 233.50 OK --no-build-vignettes
r-release-linux-x86_64 2.2-1699 7.58 110.70 118.28 OK
r-release-osx-x86_64-mavericks 2.2-1699 OK
r-release-osx-x86_64-snowleopard 2.2-1699 ERROR
r-release-windows-ix86+x86_64 2.2-1699 34.00 280.00 314.00 OK
r-oldrel-windows-ix86+x86_64 2.2-1699 22.00 320.00 342.00 OK

Check Details

Version: 2.2-1699
Check: package dependencies
Result: ERROR
    Packages suggested but not available for checking: ‘knitr’ ‘igraph’
    
    VignetteBuilder package required for checking but not installed: ‘knitr’
    
    Files named as vignettes but with no recognized vignette engine:
     ‘inst/doc/identification.Rnw’
     ‘inst/doc/lfehow.Rnw’
     ‘inst/doc/speed.Rnw’
    (Is a VignetteBuilder field missing?)
    
    See section ‘The DESCRIPTION file’ in the ‘Writing R Extensions’
    manual.
Flavor: r-release-osx-x86_64-snowleopard