CRAN Package Check Results for Package lfe

Last updated on 2014-12-19 15:48:29.

Flavor Version Tinstall Tcheck Ttotal Status Flags
r-devel-linux-x86_64-debian-clang 1.7-1416 7.64 162.84 170.48 NOTE
r-devel-linux-x86_64-debian-gcc 1.7-1416 6.70 153.30 160.00 NOTE
r-devel-linux-x86_64-fedora-clang 1.7-1416 303.67 OK
r-devel-linux-x86_64-fedora-gcc 1.7-1416 275.72 OK
r-devel-osx-x86_64-clang 1.7-1416 280.24 OK
r-devel-windows-ix86+x86_64 1.7-1416 19.00 276.00 295.00 OK
r-patched-linux-x86_64 1.7-1416 7.24 167.43 174.67 NOTE
r-patched-solaris-sparc 1.7-1416 1016.90 OK --no-vignettes
r-patched-solaris-x86 1.7-1416 474.90 OK --no-build-vignettes
r-release-linux-ix86 1.7-1404 8.89 172.10 180.99 OK
r-release-linux-x86_64 1.7-1416 7.39 158.32 165.71 NOTE
r-release-osx-x86_64-mavericks 1.7-1416 OK
r-release-osx-x86_64-snowleopard 1.7-1416 OK
r-release-windows-ix86+x86_64 1.7-1416 18.00 282.00 300.00 OK
r-oldrel-windows-ix86+x86_64 1.7-1416 17.00 276.00 293.00 OK

Check Details

Version: 1.7-1416
Check: R code for possible problems
Result: NOTE
    Found the following calls to attach():
    File ‘lfe/R/felm.R’:
     attach(ivenv, name = atnam)
    See section ‘Good practice’ in ‘?attach’.
Flavors: r-devel-linux-x86_64-debian-clang, r-devel-linux-x86_64-debian-gcc, r-patched-linux-x86_64, r-release-linux-x86_64