CRAN Package Check Results for Package lfe

Last updated on 2014-09-01 21:48:53.

Flavor Version Tinstall Tcheck Ttotal Status Flags
r-devel-linux-x86_64-debian-clang 1.7-1289 6.54 182.28 188.82 NOTE
r-devel-linux-x86_64-debian-gcc 1.7-1289 6.49 176.77 183.26 NOTE
r-devel-linux-x86_64-fedora-clang 1.7-1289 403.33 NOTE
r-devel-linux-x86_64-fedora-gcc 1.7-1289 381.01 NOTE
r-devel-osx-x86_64-clang 1.7-1289 304.68 NOTE
r-devel-windows-ix86+x86_64 1.7-1289 16.00 312.00 328.00 NOTE
r-patched-linux-x86_64 1.7-1289 6.82 184.20 191.02 OK
r-patched-solaris-sparc 1.7-1289 1138.50 OK --no-vignettes
r-patched-solaris-x86 1.7-1289 536.90 OK --no-build-vignettes
r-release-linux-ix86 1.7-1289 8.72 207.17 215.89 OK
r-release-linux-x86_64 1.7-1289 6.91 182.58 189.49 OK
r-release-osx-x86_64-mavericks 1.7-1289 OK
r-release-osx-x86_64-snowleopard 1.7-1289 OK
r-release-windows-ix86+x86_64 1.7-1289 16.00 311.00 327.00 OK
r-oldrel-windows-ix86+x86_64 1.7-1289 19.00 308.00 327.00 OK

Check Details

Version: 1.7-1289
Check: R code for possible problems
Result: NOTE
    cgsol : <anonymous>: no visible global function definition for ‘Rcgmin’
    diamgraph: no visible global function definition for ‘clusters’
    diamgraph: no visible global function definition for ‘shortest.paths’
    diamgraph: no visible global function definition for ‘diameter’
    diamgraph: no visible global function definition for ‘induced.subgraph’
    efactory: no visible global function definition for ‘cmpfun’
    mkgraph: no visible global function definition for ‘graph.adjacency’
Flavors: r-devel-linux-x86_64-debian-clang, r-devel-linux-x86_64-debian-gcc, r-devel-linux-x86_64-fedora-clang, r-devel-linux-x86_64-fedora-gcc, r-devel-osx-x86_64-clang, r-devel-windows-ix86+x86_64