CRAN Package Check Results for Package lfe

Last updated on 2014-04-23 20:47:15.

Flavor Version Tinstall Tcheck Ttotal Status Flags
r-devel-linux-x86_64-debian-clang 1.7-1289 6.62 189.41 196.03 OK
r-devel-linux-x86_64-debian-gcc 1.7-1289 6.92 184.58 191.50 OK
r-devel-linux-x86_64-fedora-clang 1.7-1289 405.48 OK
r-devel-linux-x86_64-fedora-gcc 1.7-1289 389.25 OK
r-devel-osx-x86_64-clang 1.7-1289 291.51 OK
r-devel-osx-x86_64-gcc 1.7-1289 NOTE
r-devel-windows-ix86+x86_64 1.7-1289 18.00 295.00 313.00 OK
r-patched-linux-x86_64 1.7-1289 6.88 188.96 195.83 OK
r-patched-solaris-sparc 1.7-1289 1070.70 OK --no-vignettes
r-patched-solaris-x86 1.7-1289 506.40 OK --no-build-vignettes
r-release-linux-ix86 1.7-1289 11.00 273.00 284.00 OK
r-release-linux-x86_64 1.7-1289 6.71 181.84 188.55 OK
r-release-osx-x86_64-mavericks 1.7-1289 WARN
r-release-osx-x86_64-snowleopard 1.7-1289 OK
r-release-windows-ix86+x86_64 1.7-1289 16.00 324.00 340.00 OK
r-oldrel-windows-ix86+x86_64 1.7-1289 17.00 312.00 329.00 OK

Check Details

Version: 1.7-1289
Check: package dependencies
Result: NOTE
    Packages suggested but not available for checking: ‘igraph’ ‘knitr’
    
    Files named as vignettes but with no recognized vignette engine:
     ‘inst/doc/identification.Rnw’
     ‘inst/doc/lfehow.Rnw’
     ‘inst/doc/speed.Rnw’
    (Is a VignetteBuilder field missing?)
Flavor: r-devel-osx-x86_64-gcc

Version: 1.7-1289
Check: R code for possible problems
Result: NOTE
    diamgraph: no visible global function definition for ‘clusters’
    diamgraph: no visible global function definition for ‘shortest.paths’
    diamgraph: no visible global function definition for ‘diameter’
    diamgraph: no visible global function definition for ‘induced.subgraph’
    mkgraph: no visible global function definition for ‘graph.adjacency’
Flavor: r-devel-osx-x86_64-gcc

Version: 1.7-1289
Check: PDF version of manual
Result: WARNING
    LaTeX errors when creating PDF version.
    This typically indicates Rd problems.
    LaTeX errors found:
    ! LaTeX Error: File `upquote.sty' not found.
    
    Type X to quit or <RETURN> to proceed,
    or enter new name. (Default extension: sty)
    
    ebaf2bd/Rd2.tex:8: ==> Fatal error occurred, no output PDF file produced!
Flavor: r-release-osx-x86_64-mavericks