CRAN Package Check Results for Package lfe

Last updated on 2015-05-28 19:47:21.

Flavor Version Tinstall Tcheck Ttotal Status Flags
r-devel-linux-x86_64-debian-clang 2.3-1709 7.66 113.73 121.39 OK
r-devel-linux-x86_64-debian-gcc 2.3-1709 7.68 108.91 116.59 OK
r-devel-linux-x86_64-fedora-clang 2.3-1709 245.21 OK
r-devel-linux-x86_64-fedora-gcc 2.3-1709 146.31 OK
r-devel-osx-x86_64-clang 2.3-1709 167.47 OK
r-devel-windows-ix86+x86_64 2.3-1709 25.00 236.00 261.00 OK
r-patched-linux-x86_64 2.3-1709 7.74 111.44 119.18 OK
r-patched-solaris-sparc 2.3-1709 1028.00 OK --no-vignettes
r-patched-solaris-x86 2.3-1709 237.20 OK --no-build-vignettes
r-release-linux-x86_64 2.3-1709 8.10 110.50 118.60 OK
r-release-osx-x86_64-mavericks 2.3-1709 OK
r-release-osx-x86_64-snowleopard 2.2-1699 ERROR
r-release-windows-ix86+x86_64 2.3-1709 25.00 210.00 235.00 OK
r-oldrel-windows-ix86+x86_64 2.3-1709 23.00 215.00 238.00 OK

Check Details

Version: 2.2-1699
Check: package dependencies
Result: ERROR
    Packages suggested but not available for checking: ‘knitr’ ‘igraph’
    
    VignetteBuilder package required for checking but not installed: ‘knitr’
    
    Files named as vignettes but with no recognized vignette engine:
     ‘inst/doc/identification.Rnw’
     ‘inst/doc/lfehow.Rnw’
     ‘inst/doc/speed.Rnw’
    (Is a VignetteBuilder field missing?)
    
    See section ‘The DESCRIPTION file’ in the ‘Writing R Extensions’
    manual.
Flavor: r-release-osx-x86_64-snowleopard